 - -436. Suppose 5*d - 1294 = -5*q + g*q, -d + 2*q = -262. What is the units digit of d?
8
Suppose 2*c - 20*a - 17016 = -25*a, c - 8518 = -5*a. Suppose -c = -5*f - 11*m + 7*m, -2*m + 6796 = 4*f. What is the tens digit of f?
9
Suppose 33*n - 752 - 370 = 0. Suppose 4*h - 16 = 0, -5*i + h + 66 = -400. Let x = i - n. What is the tens digit of x?
6
Suppose -34*g - 173259 + 260131 = -345982. What is the hundreds digit of g?
7
Let m(v) = v**2 - 3*v + 726. Suppose 4*c + 10 = 2*i, -i + 4*i - 15 = -c. What is the units digit of m(c)?
6
Suppose 4*b + 6 = 4*y - 6, -3*b - y = 13. Let x be 2/3*(0 - 186/b). Let l = 71 + x. What is the hundreds digit of l?
1
Let w be ((-2)/9)/(-1) - 119610/243. Let b = w + 1035. What is the units digit of b?
3
Let k = -764 - -1311. What is the hundreds digit of k?
5
Suppose p = -2*w + 13, -2*p + 10*w = 9*w - 16. What is the hundreds digit of (-3301)/(-4) - ((-18)/(-8))/p?
8
Let s be (-4 - -1)/((-12)/1100). Let r = s + -142. What is the hundreds digit of r?
1
What is the ten thousands digit of (-9 - (-204)/20)/((-9)/(-142290))?
1
Suppose s + 38937 = -95*t + 96*t, s = -2. What is the units digit of t?
5
Let u be (-52)/(-182) - 139/(-14)*4. Suppose -u*b = -2*b - 25042. What is the units digit of b?
9
Let r = -2186 - -3143. What is the hundreds digit of r?
9
Suppose -4*x - 38*x = 0. Suppose -2*u = -x*u + 4*g - 1014, u - 516 = g. What is the hundreds digit of u?
5
Suppose 78 = -3*w + 3*i, -8*w = -4*w + 3*i + 76. Suppose 0 = -4*u + 21 + 151. Let g = u + w. What is the tens digit of g?
2
Let m be (22/(-22))/((-1)/8). Let c(y) be the first derivative of 7*y**2 + 9*y - 1. What is the hundreds digit of c(m)?
1
Let o(a) = -a - 1. Let l be o(-4). Let s be (-45)/(-6)*2/l. Suppose -4*r + 2*j + 38 = -r, r - s*j - 30 = 0. What is the tens digit of r?
1
Let s be (-4)/18 + (-59589)/(-243). Let m = s + 54. What is the tens digit of m?
9
Suppose -66*k = -108*k. What is the hundreds digit of (-20867)/154*(k + -12)?
6
Suppose -1 = 4*t + 11, -517 = 5*f - t. Let g(u) = -u**2 + 12*u - 15. Let j be g(13). Let y = j - f. What is the tens digit of y?
7
Let t = 62887 - 35659. What is the thousands digit of t?
7
Suppose 18 = -2*g + 6. Let p = g + 15. Let u = p + 50. What is the tens digit of u?
5
Let m(n) = 132*n**3 - 2*n**2 - 7*n + 16. Let s be m(2). Suppose -x = 2*x - s. What is the hundreds digit of x?
3
Let i = -105 - 24. Let d be -1 - -8*85*(-1)/(-2). Let z = d + i. What is the hundreds digit of z?
2
Suppose 5*w - 1848 = -18. Suppose -c - 189 = -s, -c + 3*c = -2*s + w. Suppose -2*b = -5*i - 259 + 756, -4*b = -2*i + s. What is the hundreds digit of i?
1
What is the thousands digit of (330/(-550))/(3/(-76445))?
5
Let n be 2/((-158)/(-52) - 3). Suppose 50*g - n*g = -6. Suppose -c - g = 0, 5*d - 150 = -5*c + 510. What is the tens digit of d?
3
Let q = 12132 + -5283. What is the thousands digit of q?
6
Let g(k) be the third derivative of -7/8*k**4 - k**3 + 0*k + 1/15*k**5 + 12*k**2 + 0. What is the tens digit of g(8)?
8
Suppose 2*s - 322 = -5*h, 4*h - 2*s = 2*s + 252. What is the tens digit of (10616/(-24))/(5 + h/(-12))?
2
Let v(t) = t**3 - 14*t + 2. Let m = -27 + 31. Let i be v(m). What is the tens digit of 3174/115 + (-6)/i?
2
Let m(n) = 23*n + 15. Let q be m(-10). What is the tens digit of -2 + (-8 + 3 - q)?
0
What is the hundreds digit of 9126/15*(160/3)/4?
1
Let t be 9 + -12 - (-1 - 0)*3. Suppose 3*q = -b - q - 194, -b - q - 194 = t. Let y = -110 - b. What is the units digit of y?
4
Suppose -8 = -2*q + 2*d, -90*d = -88*d + 2. Let y(r) be the third derivative of r**6/30 + r**4/12 - 2*r**2. What is the hundreds digit of y(q)?
1
Let c(f) = -5*f + 3 - 2 + 2*f**2 - 4. Suppose -3*k + 8*k - 56 = 4*i, -2*i = -4*k + 40. What is the units digit of c(k)?
5
Let o be 5/((-25)/(-10)) - 0. What is the tens digit of 49/o - 3/2?
2
Suppose 0 = 26*n + 675 - 1611. Suppose -5*p + n = 16, -4*a - 2*p + 2812 = 0. What is the tens digit of a?
0
Suppose 0*s - 2*s = -4. Let b be -1 - (154 + 4/s). Let g = 347 + b. What is the tens digit of g?
9
Suppose -9578 = -23*a + 6867. What is the units digit of a?
5
Let q = 5295 + -1943. What is the tens digit of q?
5
Suppose 4*a - 18 = -94. What is the tens digit of ((27474/24)/a)/((-1)/4)?
4
Suppose -34*a + 92*a - 360587 - 430185 = 0. What is the tens digit of a?
3
Suppose -548 = 3*p + 2*s, -p + 0*s = -5*s + 160. What is the tens digit of (-20)/p - (-3140)/9?
4
Suppose -112365 = -19*v + 8*v. What is the units digit of v?
5
Suppose -16154 = -5*p + 4*t, 72*p + 4*t - 16186 = 67*p. What is the units digit of p?
4
Let i(r) be the second derivative of -35*r**3/6 + 8*r**2 + 3*r + 14. What is the hundreds digit of i(-10)?
3
Suppose 0 = 8*a - 3*a - 3*y - 107, 4*y = -4*a + 60. Let i(w) = w**3 - 18*w**2 + 39*w + 36. What is the tens digit of i(a)?
3
Let r = 7018 + -2866. What is the units digit of r?
2
What is the units digit of ((-724)/2172)/(((-10)/(-25596))/(-5))?
6
Suppose 2*b - 2*r = -114, -b - 61 = -0*b - 2*r. Let k = -81 - b. Let s = 9 - k. What is the tens digit of s?
3
Let p be ((-15)/(-5))/(-3)*-5. Let r be 94 + 20/(-5) + p. Suppose r = 2*l - l. What is the units digit of l?
5
Let w be -4 + (5/(-35) - (-15)/7). Let r(g) = -126*g. Let j be r(w). Let s = -36 + j. What is the hundreds digit of s?
2
Let s(b) = -b**3 + b**2 + 3*b - 2. Let n(x) = x**3 + 3*x**2 - 7*x - 11. Let h be n(-4). Let g be s(h). What is the units digit of g*(-173)/(-2) + 28/56?
7
Let s(m) = -11*m - 28. Let n be s(6). Let t = n - -111. What is the tens digit of 4/10 - t/(510/(-5808))?
9
Suppose 429030 = 22*p + 12*p + p. What is the ten thousands digit of p?
1
Suppose 3*l + 16 = -l. Let w be (-2 - l)*(-5 - -10). What is the units digit of (-8)/32 - w/(-8)?
1
Suppose 5*k = -3*q - 1694 - 364, -k - 406 = 2*q. Let n = 1371 - k. What is the hundreds digit of n?
7
Let n(h) = -h**2 + 17*h - 25. Suppose -2*w - 2*w + 20 = 0. Suppose 0 = -w*c + 60. What is the units digit of n(c)?
5
Suppose -w + 2*x + 46 = 0, 4*x = -4*w + 2*x + 224. Let g = 63 + w. Suppose 5 = -c + g. What is the units digit of c?
2
Suppose 30 = 5*m - 2*l, -13*m + 16*m - 2*l = 22. Suppose -m*w - 6*w = -9470. What is the hundreds digit of w?
9
Let w = -2459 - -10903. What is the thousands digit of w?
8
Let x = 131 - 91. Suppose 2*b - 1 = -3*d + x, -5*d + 4*b = -83. Suppose d*q - 13*q - 226 = 0. What is the tens digit of q?
1
Suppose 5*i + 8*i = -13. Let x(s) = 155*s**2 + 2*s + 2. Let y be x(i). Suppose -3*a - 4*d = -565, -3*a + y + 402 = -4*d. What is the units digit of a?
7
Suppose 0 = m + 5*f - 49645, -2*m + 4*f + 61019 + 38229 = 0. What is the ten thousands digit of m?
4
Suppose 0 = 7*z - 720 - 120. Let p = 24 + -21. Suppose 3*x = j + z, p*x - 90 = x + 4*j. What is the units digit of x?
9
Let r(y) = 49*y**3 + 7*y**2 + 65*y - 202. What is the tens digit of r(8)?
5
Let q be 29/6 - 3*(-2)/36. Suppose -4*n = -5*a - 1580, -3*a - 395 = -n - q*a. What is the tens digit of n?
9
Let q = 39463 - 22546. What is the units digit of q?
7
Let k(n) = 38*n - 1394. Let h(b) = -15*b + 558. Let m(f) = -12*h(f) - 5*k(f). What is the hundreds digit of m(0)?
2
Let s(y) = 7*y + 20. Let d be s(-1). Suppose -535 = -d*t + 8*t. What is the hundreds digit of t?
1
Let o be 25/30 + (-43)/(-6). Suppose -o*w = -w - 2247. What is the units digit of w?
1
Let h(q) = -1059*q - 4277. What is the hundreds digit of h(-20)?
9
Let n = 527 - 487. What is the hundreds digit of n/180 - (2 - (-7549)/(-9))?
8
Suppose 62494*w - 62515*w = -585711. What is the tens digit of w?
9
Let k = 28 + -28. Suppose c - a - 169 = k, -4*a = -3*c - 87 + 595. Suppose v + 337 = 3*d, 0 = 5*d + 3*v - 403 - c. What is the hundreds digit of d?
1
Let z be (3 + -2)/(2/(-4)). Let r be (-1)/(-2) + 2/8*z. Suppose r = -13*f + 8*f + 170. What is the tens digit of f?
3
Suppose 231 = 8*u + 167. Suppose 3*c = 4*d - 2089, c + 2625 = -3*d + u*d. What is the hundreds digit of d?
5
Let c(p) = -p**2 + 17*p - 15. Let b be c(14). Suppose -29*i + 198 = -b*i. Suppose 65 + i = k. What is the units digit of k?
4
Let x(u) = 2*u**2 + 10*u**2 - 5 - 23 - 53 - 10 + 16*u. What is the hundreds digit of x(8)?
8
Suppose -33510 = -13*o + 8*o + 3*d, 4*o + 2*d - 26808 = 0. What is the units digit of o?
2
Let h = 84 + -81. Suppose 0 = -f + y + 395, -1179 = -h*f + 6*y - 5*y. What is the hundreds digit of f?
3
